 3, 13
Suppose 4*i + i = -5. Let t(m) = -238*m + 2. What are the prime factors of t(i)?
2, 3, 5
Let k(s) = 4*s**2 - 24*s - 100. List the prime factors of k(16).
2, 3, 5
Suppose -3*w = -3*a + 963, 0 = a + 4*a - 3*w - 1599. Suppose 0 = 4*i - a + 54. List the prime factors of i.
2, 3, 11
Suppose -4*r = 2*z - 6070, 5*r = -4*z + 1746 + 10394. List the prime factors of z.
5, 607
Suppose 0 = y + 2*x + 8, 5*y + 22 = y + 2*x. Let m(f) = f**3 + 7*f**2 + 6*f. Let n be m(y). Suppose n = g + 2*g - 24. List the prime factors of g.
2
Suppose -4*d - u + 4 = -5*u, -2*d = -4*u + 6. Let s(j) = 2*j + 4. List the prime factors of s(d).
2, 7
Let k(b) = -b**3 + 4*b**2 - b + 4. Let l be k(3). Suppose -2 = 4*t - l. Suppose -3*q = -3*s - 102, -t*s + 0 + 31 = q. List the prime factors of q.
3, 11
Suppose 0 = -5*m + 2*w + 1355, -4*m - 5*w + 4*w + 1071 = 0. List the prime factors of m.
269
Suppose -3*y - 4 = 2, 0 = -2*c - y + 470. What are the prime factors of c?
2, 59
Let m = 296 - 283. List the prime factors of m.
13
Let r be ((-26)/6)/((-12)/36). Let j(f) = f + 5. List the prime factors of j(r).
2, 3
Let m(f) = -1. Let r(z) = 2*z - 3. Let y(h) = -6*m(h) + r(h). Let i be 1/(-5) + 288/40. List the prime factors of y(i).
17
Suppose 1284 = 3*j + a - 2*a, -2*a = -6. What are the prime factors of j?
3, 11, 13
Let l be (-6)/3*2*-1. Suppose l*m + 172 + 76 = 0. Let c = m + 87. What are the prime factors of c?
5
Let l(d) = 10*d**3 - 3*d**2 + 2*d - 3. Let j be l(2). Let m = 104 - j. Let h = m - 4. What are the prime factors of h?
31
Let d(l) = 5*l - 2. Let s be d(6). Let t = 15 - s. Let k = t - -22. List the prime factors of k.
3
Let a = -23 - -9. Let u = a - -20. Let q(z) = -z + 10. What are the prime factors of q(u)?
2
Suppose -c + 3*s + 1475 = 0, -s - s = -3*c + 4411. List the prime factors of c.
13, 113
Let q(m) = -m**2 - 51*m + 154. List the prime factors of q(-25).
2, 3, 67
Let p = -10 + 10. Let g be (-13 - -1)*(p + 1). What are the prime factors of (-3)/18 - 338/g?
2, 7
Let n(k) = k - 5. Let s be n(5). Suppose -4*a + 6*a = s. Suppose -2*w - 5*z + 18 = a, -5*w = -6*w - 4*z + 12. List the prime factors of w.
2
List the prime factors of (-1770)/4*(-72)/108.
5, 59
Let g be (280/42)/((-2)/(-9)). Suppose 0 = 3*w + b + 52, -3*w - 22 = -4*b + 25. Let a = w + g. What are the prime factors of a?
13
Let f(t) = -4*t - 2. Let d be f(-4). Let z = d - 9. Suppose -z*v - 3*b + 43 = -v, -5*v = b - 51. What are the prime factors of v?
2, 5
Let n be (1 - 1 - -54) + (-17 - -12). Let f(v) = v + 213. Let r be f(0). Suppose -2*j = -5*p + r, p - j - n = j. List the prime factors of p.
41
Suppose -2*u = -3*u. Suppose u = w - 6*w + 2*v - 24, 0 = 5*v + 15. List the prime factors of (60/(-9))/(4/w).
2, 5
Suppose -k - 9 = 5*n, 2*n - 4*k = -n - 10. List the prime factors of 3 + n - 0 - -33.
2, 17
Let n(g) = g**3 - g. Let v(b) = 9*b**3 - b**2 - 1. Let z(h) = 2*n(h) - v(h). Let t be z(1). Let r = 21 + t. What are the prime factors of r?
2, 7
Suppose -156 = 3*o - 525. List the prime factors of o.
3, 41
Let x = -6 - -15. Let y = x + -4. What are the prime factors of (-1)/y + 171/5?
2, 17
Let u(a) be the third derivative of -7*a**4/24 + 5*a**3 + 38*a**2. List the prime factors of u(-11).
107
Let s(y) = y + 32. Let v = 2 + -15. Let h = v - -13. What are the prime factors of s(h)?
2
Suppose 5*u - 6 = l, 4*l + u - 2*u - 33 = 0. Let x be ((-3)/(-2))/(l/12). Suppose -q + 30 = x*q. What are the prime factors of q?
2, 5
Let d be (-2)/(-6)*((-90)/6)/(-5). What are the prime factors of (-10 - -133) + (-1)/(-1) + d?
5
Suppose -7*i = -3045 - 2646. List the prime factors of i.
3, 271
Suppose -a - 2*p + 462 = 0, 5*p - 7 + 17 = 0. What are the prime factors of a?
2, 233
What are the prime factors of 1242/12 + (-1)/2?
103
Suppose -a - h = -47, -5*a + 0*h + 2*h + 242 = 0. What are the prime factors of a?
2, 3
Suppose 0 = 5*r - u + 53, -16 = -0*r + 2*r - 3*u. Let s = r + 31. What are the prime factors of s?
2, 5
Let z be ((-2)/(-4))/(10/580). Suppose -2*o - z = -o. Let d = -1 - o. What are the prime factors of d?
2, 7
Let g(z) = -6*z - 2. Let u be (-24)/2 - 2/(-2). Let o = -15 - u. What are the prime factors of g(o)?
2, 11
Let l be (-2)/9 + 260/117. Suppose 0*f + 12 = -l*f. Let m(w) = w**2 - 3. List the prime factors of m(f).
3, 11
Let m(o) = 3*o**2 - 6*o - 5. What are the prime factors of m(-8)?
5, 47
Let i(y) = 201*y**3 - 2*y**2 + 2*y - 1. List the prime factors of i(1).
2, 5
Suppose 2 = 2*q - 4*i - 8, -5*q + 13 = 2*i. Suppose -2*l = 4*u - 8, l + 5 + q = 4*u. Suppose 165 = -u*c + 7*c. List the prime factors of c.
3, 11
Let i(d) = 10*d**2 - 3*d + 2. Let l be i(4). Let s = l + -61. List the prime factors of s.
89
Suppose 5*o = 3*w + 49, -2*o - w = -4*o + 19. Let h(n) = -n**3 + 11*n**2 + 11*n - 16. List the prime factors of h(o).
2, 3, 11
Suppose -v + 1 = -6. Let m be 20*(v/2 - 3). Let p = 8 + m. List the prime factors of p.
2, 3
Suppose 0 = -5*l + 25, 4*l - 27 = -v - 5. Suppose -92 = -v*o + 24. Let r = o - 20. List the prime factors of r.
2, 19
Let f = -3 - -10. Let l be 3*f/(42/4). Suppose 2*n = -l*n + 200. What are the prime factors of n?
2, 5
Let l(g) = 125*g + 134. List the prime factors of l(3).
509
Let v be 0/(-2) + 27 + 0. Let q be 4/((-64)/(-24)) + (-15)/(-2). What are the prime factors of q/(v/78) - 4?
2, 11
Let v be 14/4 - (-7)/14. Suppose v*l = 253 + 451. Suppose 5*p - l = p. List the prime factors of p.
2, 11
Let p(r) = 174*r + 61. What are the prime factors of p(7)?
1279
Let m(z) = -12*z - 5. Let n be m(-10). Suppose 2*b + n = 5*s, 0 = b - 2*b. What are the prime factors of s?
23
Let k be 5/2*5/((-75)/(-1452)). Let r = k - 102. What are the prime factors of r?
2, 5, 7
Let n(i) = -i**3 + 4*i**2 - i + 3. Suppose -1 = -4*p + 5*q, -3*p + 4*q = -q + 3. Let t be n(p). Let w = 4 - t. List the prime factors of w.
5
Let s = 4219 + -585. List the prime factors of s.
2, 23, 79
Let v(w) be the first derivative of w**3 + w**2/2 + 2*w + 2. Let r be v(-3). Let p = -3 + r. What are the prime factors of p?
23
Let r(s) = 8*s**2 - 14*s - 6. What are the prime factors of r(8)?
2, 197
What are the prime factors of (123/4)/(45/(-40))*-30?
2, 5, 41
Let p be (-3414)/42 + 6/21. Let c = -12 - p. List the prime factors of c.
3, 23
Let z = -2414 + 5360. What are the prime factors of z?
2, 3, 491
Suppose 2*o - 5*l - 1980 = 0, -4*o + 9*l + 3992 = 7*l. What are the prime factors of o?
2, 5
Let j = 2063 + -735. List the prime factors of j.
2, 83
Let u(n) be the second derivative of -n**5/20 + 7*n**4/12 + n**3/3 + 5*n**2 + n. Let h(o) = 6*o**2 - 2*o + 3. Let p be h(1). List the prime factors of u(p).
2, 3
Suppose -n - 20 = -2*u, 3*u - 35 = 3*n + 1. Let x = 10 - u. Suppose 0 = f - 3, x*f = w - 6*w + 21. What are the prime factors of w?
3
Let i be (38/(-95))/(1*2/(-750)). Suppose -3*u = j + 2*u - 24, -2*u + i = 4*j. What are the prime factors of j?
3, 13
Suppose -4145 = -3*u - 1577. List the prime factors of u.
2, 107
Suppose 5*g + 2*c = 3*c - 1255, -5*c = -g - 227. Let j = 426 + g. What are the prime factors of j?
2, 3, 29
Let c = 43 + -34. Suppose -c = -0*j - 3*j. Suppose 49 + 117 = 4*g - 2*l, 0 = j*g + l - 132. What are the prime factors of g?
43
Let s = -1418 + 2606. What are the prime factors of s?
2, 3, 11
What are the prime factors of 3/(12/20)*74?
2, 5, 37
Suppose -3*k = -5*b - 0*k + 87, -2*k = b - 20. Suppose 2*n - 96 = -b. List the prime factors of n.
3, 13
Suppose 8008 = 35*z - 567. List the prime factors of z.
5, 7
Let u be -95*(1 + -4) - (1 + -5). Suppose -u - 1713 = -11*d. List the prime factors of d.
2, 7, 13
Let t be (-28)/(-6) + 2/(-3). Suppose -2*a - 78 = -q, -2*q + 2*a + 83 + 79 = 0. What are the prime factors of (-4)/(-3)*q/t?
2, 7
Let i = -7 + 34. Suppose 54 + i = 3*q. List the prime factors of q.
3
Let a(x) = -x**2 - 9*x - 21. Let c be a(-6). Suppose 5*b - 7 = 68. Let f = b + c. List the prime factors of f.
2, 3
Suppose 0 = -3*b + 3*u + 33, u + 21 = 2*b + 3. Suppose -196 = b*j - 9*j. What are the prime factors of j?
2, 7
Let a = 570 - 274. List the prime factors of a/8 - 0/1.
37
Suppose -4*h + 2842 = -y, 16*y + 2838 = 4*h + 17*y. What are the prime factors of h?
2, 5, 71
Let o(f) = -f - 22. Let q be o(-17). Let x = q - -53. List the prime factors of x.
2, 3
Suppose -f + 4*w + 874 = 0, 5*f + 4*w = -282 + 4700. List the p